 = d, 0 = -4*v + 5*y + 348. List the prime factors of v.
2, 41
What are the prime factors of ((-12)/(-20))/(23/124085)?
3, 13, 83
Suppose -h + 16 = -2. Let r be (6/(-4))/(h/(-564)). Let y = -40 + r. What are the prime factors of y?
7
Let t be -1 + -1 + 5 + -4. Let f be (t - 5) + 0/(-5). List the prime factors of (-1 + 3)*(-195)/f.
5, 13
Suppose 5*q - 20 = 0, 4*s = -5*q + 27081 + 23659. What are the prime factors of s?
2, 5, 317
Let o(j) = -4271*j - 3097. What are the prime factors of o(-11)?
2, 3, 23, 53
Let y(l) = -8*l + 454. Let m = -366 + 366. What are the prime factors of y(m)?
2, 227
Let q(k) = k**3 - 9*k**2 + k + 8. Let f be q(9). Suppose 22*v - 15 = f*v. Suppose -v*y + 2*i + 349 = 0, -586 = -2*y - 3*y - i. What are the prime factors of y?
3, 13
Let k be (38/(-6) + 6)*-15. Suppose -129 = k*d - 614. List the prime factors of d.
97
Let t = 226483 + -127898. What are the prime factors of t?
5, 19717
Suppose x + 0*l + 3*l + 1 = 0, 0 = 2*l + 2. Suppose 0 = -2*f + 2, c = 6*c + x*f + 883. What are the prime factors of (0 - -1)/((-3)/c)?
59
Suppose -10*n - 7 + 27 = 0. List the prime factors of n/(-3) - (-10746)/81.
2, 3, 11
Let m(k) = 11*k**3 + 27*k**2 + 19*k - 5. What are the prime factors of m(6)?
3457
Let k = 9041 + -791. List the prime factors of k.
2, 3, 5, 11
Let v(u) = -u**3 + 11*u**2 + 2*u - 18. Let j be v(11). Let c = 0 - j. Let k(n) = n**3 + 7*n**2 - 4*n + 12. What are the prime factors of k(c)?
2, 19
Let k(n) = 7*n**2 + 18*n + 12. Let l(j) = 2*j**2 + 6*j + 4. Let o(v) = 3*k(v) - 8*l(v). What are the prime factors of o(-6)?
2, 37
Let y(d) = 3*d**2 + 19. Let z be y(13). Let b = z - 308. List the prime factors of 2/((-8)/b)*-2.
109
Suppose -5*l - 3*p = -28867, -2460 - 9090 = -2*l + 2*p. What are the prime factors of l?
2, 2887
Suppose 2*x = g + 38, -5*x - 190 = 7*g - 2*g. Let d = 42 + g. Suppose -2*m + 141 = m - 5*l, -188 = -d*m + l. List the prime factors of m.
47
Let o = 121 - 101. Suppose -18*f = -13*f - o. List the prime factors of 300*(20/50)/(f/5).
2, 3, 5
Let v = 4357 + -3933. What are the prime factors of v?
2, 53
Suppose 0*g = 4*g - 1004. Let z = 256 + g. List the prime factors of z.
3, 13
Let h be -4 + 3 + 4 + 2757. Suppose 0 = 2*x - 8*x + h. List the prime factors of x.
2, 5, 23
Let w(s) be the second derivative of s**4/6 + 25*s**3/6 - 89*s**2/2 - 2*s + 75. List the prime factors of w(17).
2, 457
Let k(s) = 59*s - 2014. List the prime factors of k(47).
3, 11, 23
Let d(m) = m**3 + 6*m**2 + 10*m - 5. Let b be d(-5). Let a be ((-20)/b)/(2/90). Suppose -a = 12*y - 14*y. List the prime factors of y.
3, 5
Let b(j) = j**2 + 14*j - 50. Let k be b(-17). Suppose 3*l + 3*t = t + 166, -k = t. What are the prime factors of l?
2, 7
Let w be 83/4 - (-3)/12. Suppose 16 = -b - 4*q, -b = -0*b - q + w. List the prime factors of (-1 - b/12) + (-277)/(-3).
3, 31
Suppose c - 5*l - 457 = -3*l, 4*c = -5*l + 1828. Let z = c + -314. List the prime factors of z.
11, 13
Let n = 136 - 176. Let j = n - -212. List the prime factors of j.
2, 43
Let n = 2994 - -8355. Suppose 14*g + 79 = n. What are the prime factors of g?
5, 7, 23
Suppose 35*p + 327078 = 723869 + 375064. List the prime factors of p.
3, 7351
Let h(v) = v**3 - 5*v**2 + 2*v - 5. Let f be h(5). Suppose 5885 = f*m + 5*z, -5*m + 9*m - 4715 = 3*z. List the prime factors of m.
2, 19, 31
Let p be (154/4)/((-10)/20). Let a be (p/(-14) + -2)/((-2)/16). Let f = 35 + a. What are the prime factors of f?
7
Let z = 8776 - 2575. What are the prime factors of z?
3, 13, 53
Let s = 233 + -213. Let z(q) = 2*q**2 - 22*q + 28. What are the prime factors of z(s)?
2, 97
Suppose 32647 - 147181 = -3*j - 4*w, -2*j - 3*w = -76356. List the prime factors of j.
2, 3, 7, 101
Let z = 24658 - 17122. What are the prime factors of z?
2, 3, 157
Let j = 1851 - 1685. List the prime factors of j.
2, 83
Let d(u) = 193*u + 27. Let p be d(12). Suppose -4*z + 3*i + 1880 = 0, 5*z - p = -4*i + 6*i. List the prime factors of z.
467
Let i = 80 + -176. Let f = i + 136. Suppose -106 = -2*a + f. List the prime factors of a.
73
Let r = 42726 - 21931. What are the prime factors of r?
5, 4159
Let x be 4/4 + (-4)/(-4). Let s be 15 - -167 - (0 - x). What are the prime factors of 6/(-33) - s/(-44)?
2
Suppose 10*j + 27*j = -9*j + 208058. List the prime factors of j.
4523
Let p(y) = 3*y**2 + 7*y + 1. Let m be p(-3). Suppose -15 = -2*f + m*f. List the prime factors of (-4 - f - -4) + 6.
3
Let z be 0/(-1*1)*31/62. Suppose 46*o - 52*o + 3642 = z. List the prime factors of o.
607
Let o = 48 - 46. Suppose -3*u + 26 = o. Suppose -u*z + 66 = -6*z. List the prime factors of z.
3, 11
Let w = -56485 + 108145. List the prime factors of w.
2, 3, 5, 7, 41
Let u(w) = 2*w**2 - 4*w + 43. Let k be 30 + -1 - (3 + 4). What are the prime factors of u(k)?
13, 71
Let h(u) = 2*u**3 - 20*u**2 + 2*u + 30. Let b(g) = 9*g**2 - 95*g - 34. Let s be b(11). List the prime factors of h(s).
2, 5
Suppose 73*y - 1842936 = -63*y. What are the prime factors of y?
3, 4517
Let b be (-14853)/12 - 12/48. Let a = 1881 + b. List the prime factors of a.
643
Let d(b) = 8*b**2 - 99*b - 621. What are the prime factors of d(-7)?
2, 29
What are the prime factors of 21348 + (19 + -20)*17?
83, 257
Suppose 2*n - 33 = 3*n - 3*t, 5*n = 4*t - 154. Let s = -10 - n. Let h = s + -6. What are the prime factors of h?
2, 7
Let f = 224 - 224. Suppose -3*i - 109 + 979 = f. What are the prime factors of i?
2, 5, 29
Let k = -101 + 108. Suppose -4173 + 1345 = -k*l. List the prime factors of l.
2, 101
Suppose 4*z - 5*a - 136329 = 148684, -3*a + 21 = 0. What are the prime factors of z?
2, 3, 37, 107
Let k be 897477/42 - (-2)/4. Suppose 63*l - 46*l = k. What are the prime factors of l?
3, 419
List the prime factors of 0 + (-6)/81 - ((-664424)/108 + 9).
6143
Suppose -7*x + 8*x = -3*r + 50992, 67992 = 4*r + 4*x. List the prime factors of r.
23, 739
Suppose 2*x = 2 - 40. Suppose -3*p - 2*a + 186 = 0, a - 155 - 141 = -5*p. Let s = x + p. What are the prime factors of s?
3, 13
Suppose 8*i + 27*i = 7*i + 634228. What are the prime factors of i?
22651
Let c(k) be the first derivative of 26*k**3 - 15*k**2/2 + 4*k + 143. What are the prime factors of c(3)?
661
Suppose -4*o + 2*o = -130. Suppose 0 = 3*u - 4*s + 42, -5*u - 13 = -4*s + o. List the prime factors of 2/(-6) + (-312)/u.
17
Let r(m) be the third derivative of -m**6/144 + 19*m**5/120 - 3*m**4/4 - m**2. Let v(l) be the second derivative of r(l). List the prime factors of v(-19).
2, 3, 19
Let p = -54 - -49. Let c(h) = -49*h + 22. Let a be c(p). Suppose -v = -4*v + a. List the prime factors of v.
89
Suppose 87 + 4 = -13*b. Let y(j) = 29*j + 105. Let a(z) = -15*z - 53. Let x(r) = -5*a(r) - 3*y(r). What are the prime factors of x(b)?
2, 17
Let i(l) = -93*l + 129. Let g be i(-10). Suppose 15*w - 10*w + 2*b - g = 0, -b = 2*w - 424. What are the prime factors of w?
211
Suppose 4*v - 465 + 65 = 0. Suppose -10*c + v = -9*c. Let a = c + -24. What are the prime factors of a?
2, 19
Suppose -3*g - n = -66603, -2*g = 422*n - 425*n - 44380. What are the prime factors of g?
79, 281
Let o(a) = -a**2 - 28*a + 122. Let s be o(-32). Let w(k) = -k**2 - k**2 - 3*k**2 - k**3 + 4*k + 0*k**2 - 1. What are the prime factors of w(s)?
11
Let l(r) = 10*r - 17. Let b be l(7). Suppose -2*o + 219 = -b. Suppose -5*f - 3*t + o = -290, 5*f = t + 438. List the prime factors of f.
3, 29
Suppose -12 = z - 3*z. Let f be (231/z)/((10/4)/5). Let k = f + -68. List the prime factors of k.
3
Suppose -280*t + 318*t = 160740. List the prime factors of t.
2, 3, 5, 47
Let t(i) = -i**3 + i**2 - i - 1. Let h(n) = -n**3 + 4*n**2 - 6*n + 1. Let p(d) = h(d) - 2*t(d). Suppose -7*j = 19 - 33. What are the prime factors of p(j)?
11
Let q(z) = -50*z + 58. Let u be q(-4). Let s = -137 - -253. Let g = u - s. List the prime factors of g.
2, 71
Let f(v) = 99*v - 651. Let h(t) = 10*t - 65. Let p(r) = -2*f(r) + 21*h(r). Let k(l) = 7*l**2 + 7*l - 63. Let o be k(-4). What are the prime factors of p(o)?
3, 7
Suppose -5*i + 74555 = -5*a, -62*a + 59*a = 9. What are the prime factors of i?
2, 3727
Suppose -2*l + 11144 = o, 0 = -0*l - 3*l - 3*o + 16713. List the prime factors of l.
5573
Let r = -3555 + 3480. Let o(d) = -64*d + 2. Let b be o(2). Let s = r - b. List the prime factors of s.
3, 17
Let c = 19168 + -1218. What are the prim